*3/3 - f**2. Let r(q) = -q. Let y(z) = -p(z) + r(z). What is y(1)?
-1
Let y(j) = -j**2 + 5*j - 2. Let b(g) = g**2 + 21*g + 5. Let a be b(-21). Calculate y(a).
-2
Suppose 0 = -w - 0 - 2. Let j(x) = 3*x**3 - 7*x**2 - 3*x + 4. Let n(i) = i**3 - i**2 + i + 1. Let z(c) = w*n(c) + j(c). Calculate z(6).
8
Let s(z) be the first derivative of -3*z**2/2 + 7*z + 8. Let a be s(3). Let y(t) = -3*t**2 - 2*t + 1. What is y(a)?
-7
Let i be (-2 + 1 + -1)*-1. Let n(v) = -3*v**2 + 7*v + 2 - 3*v + i*v**2. Calculate n(5).
-3
Let u(q) be the first derivative of q**2 + 16*q - 1. Let w be u(-6). Let k(s) = 0 + 3*s - 3 - s**2 + 4*s**2 - s**3. Determine k(w).
-7
Suppose -4*c = -3*c - 3. Let t(h) = c*h**2 - 5*h**2 + 0*h**2 + 6 + 6*h + 3*h**2. What is t(-5)?
1
Let j(f) = 3*f**2 + 4*f + 3. Let m = 25 + -10. Suppose -2*k = y, 5*y - m - 7 = k. Calculate j(k).
7
Let m(k) = k - 2. Let i(h) = h - 1 - 9 + 4*h. Let b(t) = 2*i(t) - 11*m(t). Give b(3).
-1
Let k(c) = c**2 + 5*c + 5. Let r(i) = -2*i + 10. Let l be 1*(-1)/((-3)/21). Let n be r(l). What is k(n)?
1
Let h(y) = 5*y + 1. Let t be -1 + (2 + -1 - -1). Let g(b) = b + 1. Let v(j) = t*h(j) - 2*g(j). Let s = 45 - 46. Give v(s).
-4
Let k be (-8)/(-4) - -2 - 2. Let y(p) be the first derivative of p**4/4 - p**3/3 + 2*p + 5. Calculate y(k).
6
Let m(r) = r**3 - 5*r**2 - 2*r + 1. Let q(t) be the third derivative of t**4/12 - 3*t**3/2 + 3*t**2. Let v be q(7). Give m(v).
-9
Let p(q) = -7*q - 2. Let k(g) = 20*g + 5. Let x(a) = 4*k(a) + 11*p(a). What is x(5)?
13
Let q(g) be the second derivative of -g**5/20 - 5*g**4/12 - 2*g**3/3 + g. Let u = -2 - 4. Let b(n) = n**2 + 7*n + 2. Let t be b(u). Determine q(t).
0
Suppose 0 = 9*q + 10 - 1. Let n(j) = 8*j. Calculate n(q).
-8
Suppose -f = -4*j - 64, 3*f - 234 = -f + 5*j. Let u(a) be the first derivative of -a + 56*a**2 - 3*a**3 - 1 - f*a**2. Calculate u(-1).
-10
Let r(v) = -v**3 + v**2 + 2*v - 3. Let d(w) = 4 + 3 - 2*w**2 - 5 + 0*w + w**3 - 3*w. Let c be d(3). Determine r(c).
-3
Let f(a) = -1 + 4*a**2 - a + a**3 - a**2 + 2. Let p = -16 + 13. Give f(p).
4
Let r(j) = j + 13. Let c(a) = 1. Let f(o) = -6*c(o) + r(o). What is f(6)?
13
Suppose 3*a = 7*a - 12. Let i(k) = k. Let f(h) = 4*h + 1. Suppose 0 = w - c + 5*c + 5, 5*w - 4*c + 1 = 0. Let o(q) = a*i(q) + w*f(q). Calculate o(-1).
0
Let v(i) = i**3 + 6*i**2 - i - 7. Suppose -7*x + 4*x - 18 = 0. Calculate v(x).
-1
Let i(t) be the first derivative of -t**3/3 + 7*t**2/2 - 2*t - 18. What is i(3)?
10
Let y = 25 + -22. Let u(z) = -z**3 + 4*z**2 - 2*z - 4. Give u(y).
-1
Let z(l) be the first derivative of l**3/3 + l**2/2 - 3*l - 1. Let o = 179 - 182. Calculate z(o).
3
Let f(r) be the third derivative of -r**6/120 - 7*r**5/60 - 5*r**4/24 + r**3/2 + 5*r**2. Let c(i) = -2*i + 12. Let w be c(9). Give f(w).
-3
Let n = -22 + 24. Let h(v) = 3*v - 3. What is h(n)?
3
Let w(m) = 1 + 3*m**2 + 9*m**3 - 3*m**2 - 3*m - 8*m**3. Determine w(2).
3
Let j(w) = -w**2 + w + 2. Let s be ((-3)/24)/(2/(-16)). Suppose -2*m - 3 - s = -4*h, -2 = 3*h - 4*m. What is j(h)?
0
Let t(k) = 21 - 4*k**3 - 10*k - 20 + 5*k**3 - 6*k**2. Calculate t(7).
-20
Let s(i) = i**2 + i - 1. Let j(u) = u**3 + 2*u**2 - 7*u + 5. Let w be j(-4). Give s(w).
1
Suppose -2*l = 3*o + 9, -l - 4 = -4*o - 16. Suppose l = 2*m - 3 + 5. Let d(q) = 10*q**3 - 2*q - 1. What is d(m)?
-9
Let t(f) = -3*f**3 + 2*f**2 - f + 3. Let k(y) = y**3 - y - 1. Let h(s) = 4*k(s) + t(s). Let v = 10 + -6. Let o(g) = -2*g + 4. Let q be o(v). Determine h(q).
-13
Let a(n) be the second derivative of -n**5/20 - n**4/2 - 7*n**3/6 - n**2/2 + 6*n. Determine a(-5).
9
Let k(s) be the first derivative of s**4/4 - s**3 - s**2 + 2*s + 11. Calculate k(3).
-4
Let a(v) be the first derivative of v**7/840 - v**6/120 - v**5/40 + v**4/24 + 5*v**3/3 - 4. Let q(w) be the third derivative of a(w). Determine q(4).
5
Let g(v) = -v. Let j(y) = 4*y + 2. Let l(x) = 2*g(x) + j(x). Let q(c) = -c**2 + 7*c - 7. Let a be q(5). Calculate l(a).
8
Suppose 5*p = 2*g + 2*p - 8, 3*p - 12 = -3*g. Let h(o) = o + 1. Let f(q) = -3*q + 3. Let y(w) = -f(w) - 2*h(w). What is y(g)?
-1
Let y = -112 - -107. Let z(s) = -s**3 - 4*s**2 + 8*s + 5. Calculate z(y).
-10
Let v(x) be the third derivative of -x**4/24 - 11*x**3/6 - 17*x**2. Give v(0).
-11
Let n(y) = 3*y**2 + 5*y + 4. Let u(g) = -g**2 - 2*g - 1. Let b(a) = 4*n(a) + 11*u(a). Calculate b(4).
13
Let k(i) = 3*i. Suppose 3 = 4*p + 5*z - 26, -7 = 3*p - 2*z. Let t be k(p). Let y(h) = -h + h**3 - 4 + 4 - 3*h**2. Determine y(t).
-3
Let h(m) = 0*m**2 + 2*m + 5*m**2 - 2*m**2 + 1 + 5*m**2. Give h(-1).
7
Let x(w) = -w**3 + w**2 + 1. Let r(c) = -13*c**3 + 4*c**2 + c + 6. Let a(i) = -r(i) + 6*x(i). Calculate a(1).
8
Let h(z) = -z**3 - 7*z**2 - z - 4. Let u = -16 - -9. Give h(u).
3
Let o(l) = -l + 1. Let w(d) = 4*d + 5. Let b(r) = 6*o(r) + w(r). Let u be b(8). Let p(v) = -v**2 - v**2 - 4*v**2 - v**3 - 7*v - 5. Calculate p(u).
5
Suppose 0*s = 4*s - 2*d + 4, 3*s + d - 2 = 0. Let l be 0 + (s - (-2 - -4)). Let m(a) = -a**2 - a - 1. What is m(l)?
-3
Suppose 0 = -y - 2*y + 15, 2*y - 40 = -5*n. Let d(u) = u**3 - 5*u**2 - 5*u - 4. Give d(n).
2
Let k(m) = m + 2. Let p(v) = v**3 - v**2 + v + 3. Let o(l) = -l**3 + 6*l**2 - 3*l. Let f be o(5). Let c be 2/(-10) - (-2)/f. Let i be p(c). What is k(i)?
5
Let y(t) be the second derivative of -5*t**4/12 + t**2/2 + t. Calculate y(-1).
-4
Let o(z) = -9*z**3 - 23*z**2 - 3*z - 9. Let s = 13 + -8. Let k(r) = s*r**3 - r + 3*r + 5 + 12*r**2 + 0*r**3. Let j(w) = -11*k(w) - 6*o(w). Give j(5).
4
Let r(s) be the first derivative of -s**4/4 + 4*s**3/3 - s**2/2 + 4*s + 7. Let k(t) = -t**3 + 7*t**2 - 4*t - 8. Let c be k(6). Give r(c).
0
Let u = -21 - -24. Let m(i) = 2 - 3*i - u + 3 - 7. Determine m(-4).
7
Suppose 0 = 3*x + 13 + 8. Let c(j) = 2*j**2 + 7*j + 6. Let o(h) = -h**2. Let g(m) = -c(m) - o(m). Determine g(x).
-6
Let g(y) = y**3 - y + 1. Let p be g(1). Let q(k) = 1 + 2*k - k + k + p. What is q(-2)?
-2
Let a(d) be the second derivative of -d**6/120 - d**5/20 + d**4/6 - 5*d**3/6 + d**2/2 + 3*d. Let h(l) be the first derivative of a(l). Determine h(-4).
-5
Let m = -19 - -18. Let o(f) = 3*f**3 + f**2 + f + 1. Give o(m).
-2
Let o(f) be the third derivative of -1/24*f**4 + 0 + 9*f**2 + 0*f**3 + 0*f. Determine o(-4).
4
Suppose 5*z + 2 = -0*k - k, -4*k = 8. Let u(l) be the second derivative of z*l**3 - 1/6*l**4 - 1/2*l**2 - 2*l + 0 - 1/20*l**5. Determine u(-2).
-1
Let f(y) = -y**2 - 9*y - 9. Let r be 13 + (1 - (-4)/(-2)). Suppose r = 3*i - 5*i. Give f(i).
9
Let w(j) = j - 5. Let g(i) = -i**2 - 9*i - 3. Suppose 3*n = 8*n + 5*v + 65, -n + 2 = -2*v. Let l be g(n). Give w(l).
0
Suppose 4*a = a + 4*i + 14, 2*a = -i + 2. Let o(x) = -x + 2. Determine o(a).
0
Suppose -1 + 7 = v + 3*a, 4*a = v + 22. Let t(s) = -s - 12. Calculate t(v).
-6
Let m(i) = i + 11 - 11 + 0*i. Let u(v) = 2*v. Let q(z) = -5*m(z) + 2*u(z). Calculate q(4).
-4
Let o(b) = 6*b**2 + 3*b + 2. Let h(c) = -7*c**2 - 4*c - 3. Let m(d) = 3*h(d) + 4*o(d). What is m(1)?
2
Suppose 0 = 2*o + 3*o. Suppose o = -z + 1 - 3. Let v(p) be the first derivative of -p**2 + p - 8. What is v(z)?
5
Let z(u) = -u**2 + 6*u - 4. Suppose 5*i + 10 + 7 = 2*d, 5*d - 28 = -2*i. Give z(d).
-4
Let z(c) = -c + 1. Let t be z(0). Let g(v) = -v + 3. Let q(r) = -1. Let b(p) = g(p) + 4*q(p). Let w be b(t). Let h(f) = f**3 + 4*f**2 + 4*f + 2. Determine h(w).
2
Let g(v) = -v**2 + 10*v - 5. Let i be g(10). Let b = i - -5. Let r(q) = -q + 9. Calculate r(b).
9
Let u = 36 - 33. Let j(t) be the second derivative of -3/2*t**2 + 1/3*t**3 + 0 + t. What is j(u)?
3
Let u(y) = 5*y**2 + 1. Let s be u(1). Let g(v) = -v - 8. What is g(s)?
-14
Suppose 0 = 3*c + c, -2*s = 5*c - 4. Suppose -2*t + s = -0. Let w(h) = -h**3 + h**2 - 2*h + 1. Let z be w(t). Let y(q) = -5*q**3 + q**2 + q + 1. Determine y(z).
6
Let q(p) = -p**2 - 1 - p**2 + p**2. Suppose -5*g - 2*v - 18 = 0, 0 = -0*v - 3*v - 12. Let r(y) = 3*y**2 + 1. Let m(u) = g*q(u) - r(u). What is m(1)?
0
Let i = -24 - -27. Let r(a) = -a**2 - a + 2. Calculate r(i).
-10
Let z = -1 + 3. Let c(g) = 2*g + 1. Let j(b) = -b - 1. Let r(q) = 3*c(q) + 5*j(q). Calculate r(z).
0
Let c be (-2 + 0)/((-6)/9). Suppose -c*m + 0*m = -6. Let d(u) = -u + 2. Let b(t) = t - 3. Let s(f) = 3*b(f) + 4*d(f). Calculate s(m).
-3
Let d = 11 + -4. Let l(c) = -c**3 + 7*c**2 - 6*c - 6. Let h(f) = -f**3